{"id":85,"date":"2017-10-09T14:04:25","date_gmt":"2017-10-09T12:04:25","guid":{"rendered":"http:\/\/universconduite.fr\/?page_id=85"},"modified":"2021-06-16T15:57:58","modified_gmt":"2021-06-16T13:57:58","slug":"tarifs-unitaires","status":"publish","type":"page","link":"http:\/\/universconduite.fr\/index.php\/tarifs-unitaires\/","title":{"rendered":"FORFAITS VENDUS"},"content":{"rendered":"<p>[et_pb_section fb_built=\u00a0\u00bb1&Prime; _builder_version=\u00a0\u00bb4.9.7&Prime; _module_preset=\u00a0\u00bbdefault\u00a0\u00bb][et_pb_row _builder_version=\u00a0\u00bb4.9.7&Prime; _module_preset=\u00a0\u00bbdefault\u00a0\u00bb][et_pb_column type=\u00a0\u00bb4_4&Prime; _builder_version=\u00a0\u00bb4.9.7&Prime; _module_preset=\u00a0\u00bbdefault\u00a0\u00bb][et_pb_text _builder_version=\u00a0\u00bb4.9.7&Prime; _module_preset=\u00a0\u00bbdefault\u00a0\u00bb hover_enabled=\u00a0\u00bb0&Prime; sticky_enabled=\u00a0\u00bb0&Prime;]<\/p>\n<div class=\"et_pb_section et_pb_section_0 et_section_regular\">\n<div class=\"et_pb_row et_pb_row_0\">\n<div class=\"et_pb_column et_pb_column_1_2 et_pb_column_0    et_pb_css_mix_blend_mode_passthrough\">\n<div class=\"et_pb_module et_pb_text et_pb_text_0 et_pb_bg_layout_light  et_pb_text_align_left\">\n<div class=\"et_pb_text_inner\">\n<p><span style=\"color: #800000;\"><strong><u>FORFAIT PERMIS B A 849 EUROS<\/u><\/strong><\/span><\/p>\n<ul>\n<li><span style=\"color: #800000;\">Frais d\u2019inscription et de dossier<\/span><\/li>\n<li><span style=\"color: #800000;\">Evaluation de d\u00e9part<\/span><\/li>\n<li><span style=\"color: #800000;\">Cours de code et tests illimit\u00e9s (valable 12 mois)<\/span><\/li>\n<li><span style=\"color: #800000;\">20 le\u00e7ons de conduite<\/span><\/li>\n<li><span style=\"color: #800000;\">Fournitures p\u00e9dagogiques + bo\u00eetier digicode<\/span><\/li>\n<li><span style=\"color: #800000;\">1 accompagnement pratique\u00a0<\/span><\/li>\n<li><span style=\"color: #800000;\">+ 30 euros de redevance obligatoire<\/span><\/li>\n<\/ul>\n<p><span style=\"color: #800000;\">\u00a0<strong><u>FORFAIT CONDUITE ACCOMPAGNEE PERMIS B\u00a0<\/u><\/strong><strong><u>A 999 EUROS\u00a0<\/u><\/strong>(\u00e0 partir de 15 ans)\u00a0<\/span><\/p>\n<ul>\n<li><span style=\"color: #800000;\">Frais d\u2019inscription et de dossier<\/span><\/li>\n<li><span style=\"color: #800000;\">Evaluation de d\u00e9part<\/span><\/li>\n<li><span style=\"color: #800000;\">Cours de code et tests illimit\u00e9s (valable 12 mois)<\/span><\/li>\n<li><span style=\"color: #800000;\">20 le\u00e7ons de conduite<\/span><\/li>\n<li><span style=\"color: #800000;\">Fournitures p\u00e9dagogiques + bo\u00eetier digicode<\/span><\/li>\n<li><span style=\"color: #800000;\">1 rendez-vous pr\u00e9alable<\/span><\/li>\n<li><span style=\"color: #800000;\">2 rendez-vous p\u00e9dagogiques de 2 heures<\/span><\/li>\n<li><span style=\"color: #800000;\">1 accompagnement pratique<\/span><\/li>\n<li><span style=\"color: #800000;\">+ 30 euros de redevance code obligatoire<\/span><\/li>\n<\/ul>\n<\/div>\n<\/div>\n<\/div>\n<div class=\"et_pb_column et_pb_column_1_2 et_pb_column_1    et_pb_css_mix_blend_mode_passthrough\">\n<div class=\"et_pb_module et_pb_text et_pb_text_1 et_pb_bg_layout_light  et_pb_text_align_left\">\n<div class=\"et_pb_text_inner\">\n<p><span style=\"color: #800000;\"><strong><u>\u00a0<\/u><\/strong>\u00a0<strong><u>FORFAIT PERMIS B SPECIAL ETUDIANTS A 799 EUROS<\/u><\/strong><\/span><\/p>\n<ul>\n<li><span style=\"color: #800000;\">Frais d\u2019inscription et de dossier<\/span><\/li>\n<li><span style=\"color: #800000;\">Evaluation de d\u00e9part<\/span><\/li>\n<li><span style=\"color: #800000;\">Cours de code et tests illimit\u00e9s (valable 12 mois)<\/span><\/li>\n<li><span style=\"color: #800000;\">20 le\u00e7ons de conduite<\/span><\/li>\n<li><span style=\"color: #800000;\">Fournitures p\u00e9dagogiques + bo\u00eetier digicode<\/span><\/li>\n<li><span style=\"color: #800000;\">1 accompagnement pratique<\/span><\/li>\n<li><span style=\"color: #800000;\">+ 30 euros de redevance code obligatoire<\/span><\/li>\n<\/ul>\n<p><span style=\"color: #800000;\">\u00a0<strong><u>FORFAIT\u00a0 20 HEURES DE CONDUITE A 735 EUROS<\/u><\/strong><\/span><\/p>\n<ul>\n<li><span style=\"color: #800000;\">Frais d\u2019inscription et de dossier<\/span><\/li>\n<li><span style=\"color: #800000;\">Evaluation de d\u00e9part<\/span><\/li>\n<li><span style=\"color: #800000;\">20 le\u00e7ons de conduite<\/span><\/li>\n<li><span style=\"color: #800000;\">1 accompagnement pratique\u00a0<\/span><\/li>\n<\/ul>\n<p><span style=\"color: #800000;\">\u00a0<strong><u>FORFAIT CODE A 190 EUROS<\/u><\/strong><\/span><\/p>\n<ul>\n<li><span style=\"color: #800000;\">Frais d\u2019inscription et de dossier<\/span><\/li>\n<li><span style=\"color: #800000;\">Livre de code + bo\u00eetier digicode<\/span><\/li>\n<li><span style=\"color: #800000;\">Cours de code et tests illimit\u00e9s (valable 12 mois)<\/span><\/li>\n<li><span style=\"color: #800000;\">+ 30 euros de redevance code obligatoire<\/span><\/li>\n<\/ul>\n<\/div>\n<\/div>\n<\/div>\n<\/div>\n<\/div>\n<div class=\"et_pb_section et_pb_section_1 et_section_regular\">\n<div class=\"et_pb_row et_pb_row_1\">\n<div class=\"et_pb_column et_pb_column_4_4 et_pb_column_2    et_pb_css_mix_blend_mode_passthrough et-last-child\">\n<div class=\"et_pb_module et_pb_text et_pb_text_2 et_pb_bg_layout_light  et_pb_text_align_left\">\n<div class=\"et_pb_text_inner\">\n<p><span style=\"color: #800000;\"><strong><u>PRIX PRESTATIONS UNITAIRES<\/u><\/strong><strong><u>\u00a0<\/u><\/strong><strong><u>: TTC<\/u><\/strong>\u00a0<\/span><\/p>\n<ul>\n<li><span style=\"color: #800000;\">Frais d\u2019inscription et de dossier: 75 euros<\/span><\/li>\n<li><span style=\"color: #800000;\">Frais administratifs : 30 euros<\/span><\/li>\n<li><span style=\"color: #800000;\">Le\u00e7on de conduite: 40 euros<\/span><\/li>\n<li><span style=\"color: #800000;\">Accompagnement au code par l\u2019auto-\u00e9cole : 25 euros (facultatif, \u00e0 l\u2019initiative de l\u2019\u00e9l\u00e8ve)<\/span><\/li>\n<li><span style=\"color: #800000;\">Accompagnement pratique : 40 euros<\/span><\/li>\n<li><span style=\"color: #800000;\">Code internet: 35 euros<\/span><\/li>\n<li><span style=\"color: #800000;\">Rendez-vous p\u00e9dagogique AAC: 70 euros<\/span><\/li>\n<li><span style=\"color: #800000;\">Livret B, AAC : 7.50 euros<\/span><\/li>\n<li><span style=\"color: #800000;\">Livre de code: 10 euros<\/span><\/li>\n<li><span style=\"color: #800000;\">Livret de v\u00e9rifications C3: 5 euros<\/span><\/li>\n<li><span style=\"color: #800000;\">Redevance code obligatoire: 30 euros<\/span><\/li>\n<li><span style=\"color: #800000;\">Bo\u00eetier digicode: 15 euros<\/span><\/li>\n<li><span style=\"color: #800000;\">Bilan de conduite : 40 euros<\/span><\/li>\n<\/ul>\n<\/div>\n<\/div>\n<\/div>\n<\/div>\n<\/div>\n<p>[\/et_pb_text][\/et_pb_column][\/et_pb_row][\/et_pb_section]<\/p>\n","protected":false},"excerpt":{"rendered":"<p>[et_pb_section fb_built=\u00a0\u00bb1&Prime; _builder_version=\u00a0\u00bb4.9.7&Prime; _module_preset=\u00a0\u00bbdefault\u00a0\u00bb][et_pb_row _builder_version=\u00a0\u00bb4.9.7&Prime; _module_preset=\u00a0\u00bbdefault\u00a0\u00bb][et_pb_column type=\u00a0\u00bb4_4&Prime; _builder_version=\u00a0\u00bb4.9.7&Prime; _module_preset=\u00a0\u00bbdefault\u00a0\u00bb][et_pb_text _builder_version=\u00a0\u00bb4.9.7&Prime; _module_preset=\u00a0\u00bbdefault\u00a0\u00bb hover_enabled=\u00a0\u00bb0&Prime; sticky_enabled=\u00a0\u00bb0&Prime;] FORFAIT PERMIS B A 849 EUROS Frais d\u2019inscription et de dossier Evaluation de d\u00e9part Cours de code et tests illimit\u00e9s (valable 12 mois) 20 le\u00e7ons de conduite Fournitures p\u00e9dagogiques + bo\u00eetier digicode 1 accompagnement pratique\u00a0 + 30 euros de redevance obligatoire \u00a0FORFAIT [&hellip;]<\/p>\n","protected":false},"author":1,"featured_media":0,"parent":0,"menu_order":0,"comment_status":"closed","ping_status":"closed","template":"","meta":{"_et_pb_use_builder":"on","_et_pb_old_content":"","_et_gb_content_width":"","footnotes":""},"_links":{"self":[{"href":"http:\/\/universconduite.fr\/index.php\/wp-json\/wp\/v2\/pages\/85"}],"collection":[{"href":"http:\/\/universconduite.fr\/index.php\/wp-json\/wp\/v2\/pages"}],"about":[{"href":"http:\/\/universconduite.fr\/index.php\/wp-json\/wp\/v2\/types\/page"}],"author":[{"embeddable":true,"href":"http:\/\/universconduite.fr\/index.php\/wp-json\/wp\/v2\/users\/1"}],"replies":[{"embeddable":true,"href":"http:\/\/universconduite.fr\/index.php\/wp-json\/wp\/v2\/comments?post=85"}],"version-history":[{"count":40,"href":"http:\/\/universconduite.fr\/index.php\/wp-json\/wp\/v2\/pages\/85\/revisions"}],"predecessor-version":[{"id":458,"href":"http:\/\/universconduite.fr\/index.php\/wp-json\/wp\/v2\/pages\/85\/revisions\/458"}],"wp:attachment":[{"href":"http:\/\/universconduite.fr\/index.php\/wp-json\/wp\/v2\/media?parent=85"}],"curies":[{"name":"wp","href":"https:\/\/api.w.org\/{rel}","templated":true}]}}